{"id":529,"date":"2012-05-23T11:39:55","date_gmt":"2012-05-23T11:39:55","guid":{"rendered":"http:\/\/www.rheinzeichner.de\/?page_id=529"},"modified":"2022-02-21T19:02:25","modified_gmt":"2022-02-21T19:02:25","slug":"ogts-2","status":"publish","type":"page","link":"https:\/\/www.kgs-janusz-korczak.de\/?page_id=529","title":{"rendered":"OGS"},"content":{"rendered":"<h1 style=\"text-align: left;\" align=\"center\">Herzlich Willkommen im Offenen Ganztag!<\/h1>\n<p>Mit dem Schuljahr 2004\/2005 wurde die KGS Janusz-Korczak-Schule zur Offenen Ganztagsschule. Als Kooperationspartner der Schule tragen wir, das Team von Netzwerk e.V., Sorge daf\u00fcr, dass sich Ihr Kind gut aufgehoben f\u00fchlt und sich entsprechend seiner Talente und Neigungen entfalten kann.<\/p>\n<p>Unser Ziel ist es, die Schule zu einem Ort werden zu lassen, in dem Lernen und Freizeit eine Einheit bilden. Dazu geh\u00f6rt neben dem Bewusstsein f\u00fcr ein intaktes Lebensumfeld insbesondere eine gesunde Ern\u00e4hrung. Ihr Kind wird hierzu mit einem warmen, frisch gekochten Mittagessen versorgt \u2013 erg\u00e4nzt durch frisches Obst und Gem\u00fcse.<\/p>\n<p>Nach dem Mittagessen ist Raum f\u00fcr Entspannung, Kreativit\u00e4t und Bewegung. Nach Erledigung der Hausaufgaben kann Ihr Kind an den AG- Angeboten teilnehmen. Hier geht es nat\u00fcrlich nicht ohne feste Regeln, die in Absprache mit dem Ganztagsteam und in Zusammenarbeit mit dem Kollegium festgelegt werden.<\/p>\n<p>Wir freuen uns \u00fcber Ideen, Anregungen und auch \u00fcber die Unterst\u00fctzung durch engagierte Eltern!<\/p>\n<p>Ihr OGS- Team<\/p>\n<h3 style=\"text-align: left;\" align=\"center\">Betreuungszeiten<\/h3>\n<p style=\"text-align: left;\"><strong>An Schultagen<\/strong>\u00a0von 11.35 Uhr\u00a0 bis 16.00 Uhr (in Ausnahmef\u00e4llen nach Absprache auch bis 17.00 Uhr)<\/p>\n<p style=\"text-align: left;\"><strong>In den Ferien<\/strong>\u00a0von 8.00 Uhr bis 16.00 Uhr in der Regel<\/p>\n<ul>\n<li>beide Wochen der Herbstferien<\/li>\n<li>erste Woche der Osterferien<\/li>\n<li>die ersten drei Wochen der Sommerferien<\/li>\n<\/ul>\n","protected":false},"excerpt":{"rendered":"<p>Herzlich Willkommen im Offenen Ganztag! Mit dem Schuljahr 2004\/2005 wurde die KGS Janusz-Korczak-Schule zur Offenen Ganztagsschule. Als Kooperationspartner der Schule tragen wir, das Team von Netzwerk e.V., Sorge daf\u00fcr, dass [&hellip;]<\/p>\n","protected":false},"author":1,"featured_media":0,"parent":476,"menu_order":6,"comment_status":"closed","ping_status":"closed","template":"","meta":{"footnotes":"","_links_to":"","_links_to_target":""},"class_list":["post-529","page","type-page","status-publish","hentry"],"post_mailing_queue_ids":[],"_links":{"self":[{"href":"https:\/\/www.kgs-janusz-korczak.de\/index.php?rest_route=\/wp\/v2\/pages\/529","targetHints":{"allow":["GET"]}}],"collection":[{"href":"https:\/\/www.kgs-janusz-korczak.de\/index.php?rest_route=\/wp\/v2\/pages"}],"about":[{"href":"https:\/\/www.kgs-janusz-korczak.de\/index.php?rest_route=\/wp\/v2\/types\/page"}],"author":[{"embeddable":true,"href":"https:\/\/www.kgs-janusz-korczak.de\/index.php?rest_route=\/wp\/v2\/users\/1"}],"replies":[{"embeddable":true,"href":"https:\/\/www.kgs-janusz-korczak.de\/index.php?rest_route=%2Fwp%2Fv2%2Fcomments&post=529"}],"version-history":[{"count":5,"href":"https:\/\/www.kgs-janusz-korczak.de\/index.php?rest_route=\/wp\/v2\/pages\/529\/revisions"}],"predecessor-version":[{"id":4053,"href":"https:\/\/www.kgs-janusz-korczak.de\/index.php?rest_route=\/wp\/v2\/pages\/529\/revisions\/4053"}],"up":[{"embeddable":true,"href":"https:\/\/www.kgs-janusz-korczak.de\/index.php?rest_route=\/wp\/v2\/pages\/476"}],"wp:attachment":[{"href":"https:\/\/www.kgs-janusz-korczak.de\/index.php?rest_route=%2Fwp%2Fv2%2Fmedia&parent=529"}],"curies":[{"name":"wp","href":"https:\/\/api.w.org\/{rel}","templated":true}]}}