{"id":561,"date":"2012-05-23T11:45:36","date_gmt":"2012-05-23T11:45:36","guid":{"rendered":"http:\/\/www.rheinzeichner.de\/?page_id=561"},"modified":"2018-11-20T08:04:58","modified_gmt":"2018-11-20T08:04:58","slug":"emotionale-forderung","status":"publish","type":"page","link":"https:\/\/www.kgs-janusz-korczak.de\/?page_id=561","title":{"rendered":"Emotionale F\u00f6rderung"},"content":{"rendered":"<h1>Emotionale F\u00f6rderung in der OGS<\/h1>\n<h3>Entspannung in der Schule \u2013 ein Beitrag zur Pers\u00f6nlichkeitsentwicklung<\/h3>\n<p>Die Notwendigkeit, Kinder und Jugendliche ganzheitlich zu erziehen, das hei\u00dft, ihnen nicht nur Wissen zu vermitteln, sondern auch ihre Gef\u00fchle und ihr K\u00f6rperbewusstsein zu f\u00f6rdern, ergibt sich nicht zuletzt aus den famili\u00e4ren Lebensbedingungen der Sch\u00fclerinnen und Sch\u00fcler die ihr schulisches Sozial- und Leistungsverhalten stark beeinflussen.<\/p>\n<p>Kinder anzuleiten, die \u00e4u\u00dferen Reize einmal bewusst beiseite zu lassen, sich nach innen zu wenden, die Nerven zu beruhigen und zur Ruhe zu kommen, ist ein wichtiger Bestandteil des Lernprozesses in ihrer Entwicklung.<\/p>\n<p>Dabei geht es nicht um ein oberfl\u00e4chliches Ruhigstellen oder um eine Disziplinierungstechnik. Vielmehr geht es darum, dass Kinder angeleitet werden, ihre innere Welt, ihre K\u00f6rperempfindungen, ihren Atem, ihre Gef\u00fchle bewusst kennen zu lernen und dadurch letztendlich an innerer Kraft und Selbstvertrauen zu gewinnen.<\/p>\n<p>Das bewusste Entspannen kann sich harmonisierend und stabilisierend auf die psychische und physische Entwicklung auswirken. Gef\u00fchle und Intuition k\u00f6nnen sich entfalten. Dar\u00fcber hinaus k\u00f6nnen Kinder mit Hilfe von Entspannungs\u00fcbungen versuchen, ihre \u00c4ngste und ihre Traurigkeit kennen zu lernen und wieder Zugang zu ihren positiven Kr\u00e4ften zu finden.<\/p>\n<p>Um diese F\u00e4higkeiten und Ressourcen der Kinder in den Ablauf des offenen Ganztags und in den Schulalltag zu integrieren, wird es in der OGS ein Angebot geben, das in Absprache mit den Eltern, den Lehrern und den Betreuern der OGS im w\u00f6chentlichen Rhythmus stattfinden wird. Ihre Kinder werden dazu von uns angesprochen. Auf besonderen Wunsch der Eltern kann eine Teilnahme in Absprache nat\u00fcrlich auch erfolgen.<\/p>\n<h3>Aufgabenbereich Entspannung \u2013 Kreativangebote- Emotionale F\u00f6rderung<\/h3>\n<p><strong>Bereich Entspannung:<\/strong><\/p>\n<ul>\n<li>AG Kunstmalerei<\/li>\n<li>AG T\u00f6pfern<\/li>\n<li>Traumreisen und Fantasiewelten<\/li>\n<\/ul>\n<p>&nbsp;<\/p>\n","protected":false},"excerpt":{"rendered":"<p>Emotionale F\u00f6rderung in der OGS Entspannung in der Schule \u2013 ein Beitrag zur Pers\u00f6nlichkeitsentwicklung Die Notwendigkeit, Kinder und Jugendliche ganzheitlich zu erziehen, das hei\u00dft, ihnen nicht nur Wissen zu vermitteln, [&hellip;]<\/p>\n","protected":false},"author":1,"featured_media":0,"parent":541,"menu_order":2,"comment_status":"closed","ping_status":"closed","template":"","meta":{"footnotes":"","_links_to":"","_links_to_target":""},"class_list":["post-561","page","type-page","status-publish","hentry"],"post_mailing_queue_ids":[],"_links":{"self":[{"href":"https:\/\/www.kgs-janusz-korczak.de\/index.php?rest_route=\/wp\/v2\/pages\/561","targetHints":{"allow":["GET"]}}],"collection":[{"href":"https:\/\/www.kgs-janusz-korczak.de\/index.php?rest_route=\/wp\/v2\/pages"}],"about":[{"href":"https:\/\/www.kgs-janusz-korczak.de\/index.php?rest_route=\/wp\/v2\/types\/page"}],"author":[{"embeddable":true,"href":"https:\/\/www.kgs-janusz-korczak.de\/index.php?rest_route=\/wp\/v2\/users\/1"}],"replies":[{"embeddable":true,"href":"https:\/\/www.kgs-janusz-korczak.de\/index.php?rest_route=%2Fwp%2Fv2%2Fcomments&post=561"}],"version-history":[{"count":2,"href":"https:\/\/www.kgs-janusz-korczak.de\/index.php?rest_route=\/wp\/v2\/pages\/561\/revisions"}],"predecessor-version":[{"id":4058,"href":"https:\/\/www.kgs-janusz-korczak.de\/index.php?rest_route=\/wp\/v2\/pages\/561\/revisions\/4058"}],"up":[{"embeddable":true,"href":"https:\/\/www.kgs-janusz-korczak.de\/index.php?rest_route=\/wp\/v2\/pages\/541"}],"wp:attachment":[{"href":"https:\/\/www.kgs-janusz-korczak.de\/index.php?rest_route=%2Fwp%2Fv2%2Fmedia&parent=561"}],"curies":[{"name":"wp","href":"https:\/\/api.w.org\/{rel}","templated":true}]}}