{"id":595,"date":"2012-05-23T11:53:05","date_gmt":"2012-05-23T11:53:05","guid":{"rendered":"http:\/\/www.rheinzeichner.de\/?page_id=595"},"modified":"2014-01-14T21:08:54","modified_gmt":"2014-01-14T21:08:54","slug":"forderkonzept","status":"publish","type":"page","link":"https:\/\/www.kgs-janusz-korczak.de\/?page_id=595","title":{"rendered":"F\u00f6rderkonzept"},"content":{"rendered":"<h1>F\u00f6rderkonzept<\/h1>\n<p>An unserer Schule lernen alle Kinder gemeinsam. Sofern wir feststellen, dass Kinder einen speziellen Forder- oder F\u00f6rderbedarf haben, beraten wir die Eltern umfassend.<\/p>\n<p>Kinder mit speziellen Begabungen haben die M\u00f6glichkeit, im Dreht\u00fcrenmodell an ausgew\u00e4hlten F\u00e4chern \/ dem Unterricht der n\u00e4chsth\u00f6heren Klassen teilzunehmen und so ihre F\u00e4higkeiten weiter zu vertiefen. So gelingt es uns, die Schulfreude aufrecht zu erhalten und die Kinder individuell zu f\u00f6rdern. Gleiches gilt f\u00fcr Kinder, die in einzelnen Bereichen eine vertiefende F\u00f6rderung ben\u00f6tigen. Diese Kinder erhalten ebenfalls die M\u00f6glichkeit durch das Dreht\u00fcrenmodell, in ausgew\u00e4hlten Stunden \/ im Unterricht der n\u00e4chstniedrigeren Klasse ihre F\u00e4higkeiten zu verbessern. Vorteil in allen F\u00e4llen ist, dass die Kinder in ihrer gewohnten Klasse integriert bleiben.<\/p>\n<p>Wenn wir feststellen, dass Kinder einen spezielle sonderp\u00e4dagogische F\u00f6rderung braucht, beraten wir die Eltern hinsichtlich der M\u00f6glichkeit der Aufnahme der Kinder in das &#8222;Gemeinsame Lernen&#8220;. Festgestellt wird dieser sonderp\u00e4dagogische F\u00f6rderbedarf durch ein Verfahren zur Feststellung des sonderp\u00e4dagogischen F\u00f6rderbedarfs. Dies kann erforderlich sein,<\/p>\n<ul>\n<li>wenn das Kind bereits eine Fr\u00fchf\u00f6rdereinrichtung besucht,<\/li>\n<li>wenn die Eltern vor Einschulung des Kindes Anhaltspunkte daf\u00fcr haben, dass es besondere Unterst\u00fctzung zum Lernen und zu seiner Entwicklung braucht,<\/li>\n<li>wenn die Schulleitung bei der Einschulung des Kindes in die Grundschule Anhaltspunkte daf\u00fcr hat, dass es sonderp\u00e4dagogische F\u00f6rderung ben\u00f6tigt,<\/li>\n<li>wenn die Lehrkr\u00e4fte w\u00e4hrend der Schulzeit des Kindes Anhaltspunkte daf\u00fcr haben, dass es sonderp\u00e4dagogische F\u00f6rderung ben\u00f6tigt.<\/li>\n<\/ul>\n<p>Bei der Schulneulingsanmeldung haben die Eltern die M\u00f6glichkeit, einen Antrag auf \u00dcberpr\u00fcfung, ob sonderp\u00e4dagogischer F\u00f6rderbedarf vorliegt, zu stellen. Hier begleiten wir die Eltern gerne und kompetent.<\/p>\n","protected":false},"excerpt":{"rendered":"<p>F\u00f6rderkonzept An unserer Schule lernen alle Kinder gemeinsam. Sofern wir feststellen, dass Kinder einen speziellen Forder- oder F\u00f6rderbedarf haben, beraten wir die Eltern umfassend. Kinder mit speziellen Begabungen haben die [&hellip;]<\/p>\n","protected":false},"author":1,"featured_media":0,"parent":523,"menu_order":1,"comment_status":"closed","ping_status":"closed","template":"","meta":{"footnotes":"","_links_to":"","_links_to_target":""},"class_list":["post-595","page","type-page","status-publish","hentry"],"post_mailing_queue_ids":[],"_links":{"self":[{"href":"https:\/\/www.kgs-janusz-korczak.de\/index.php?rest_route=\/wp\/v2\/pages\/595","targetHints":{"allow":["GET"]}}],"collection":[{"href":"https:\/\/www.kgs-janusz-korczak.de\/index.php?rest_route=\/wp\/v2\/pages"}],"about":[{"href":"https:\/\/www.kgs-janusz-korczak.de\/index.php?rest_route=\/wp\/v2\/types\/page"}],"author":[{"embeddable":true,"href":"https:\/\/www.kgs-janusz-korczak.de\/index.php?rest_route=\/wp\/v2\/users\/1"}],"replies":[{"embeddable":true,"href":"https:\/\/www.kgs-janusz-korczak.de\/index.php?rest_route=%2Fwp%2Fv2%2Fcomments&post=595"}],"version-history":[{"count":5,"href":"https:\/\/www.kgs-janusz-korczak.de\/index.php?rest_route=\/wp\/v2\/pages\/595\/revisions"}],"predecessor-version":[{"id":1824,"href":"https:\/\/www.kgs-janusz-korczak.de\/index.php?rest_route=\/wp\/v2\/pages\/595\/revisions\/1824"}],"up":[{"embeddable":true,"href":"https:\/\/www.kgs-janusz-korczak.de\/index.php?rest_route=\/wp\/v2\/pages\/523"}],"wp:attachment":[{"href":"https:\/\/www.kgs-janusz-korczak.de\/index.php?rest_route=%2Fwp%2Fv2%2Fmedia&parent=595"}],"curies":[{"name":"wp","href":"https:\/\/api.w.org\/{rel}","templated":true}]}}